62953.
31
What is the greatest common factor of 208983390 and 132?
66
Calculate the highest common factor of 11431948 and 79376.
1804
Calculate the greatest common factor of 17479 and 698.
1
What is the greatest common factor of 6092 and 23190721?
1523
What is the highest common divisor of 9783 and 2155521?
3261
Calculate the greatest common factor of 85563 and 9687633.
9507
What is the highest common divisor of 5375268 and 10224?
2556
Calculate the greatest common divisor of 11478288 and 3607759.
10397
Calculate the greatest common divisor of 28170422 and 56.
14
What is the greatest common divisor of 70639963 and 317?
317
Calculate the greatest common factor of 31097 and 6661697.
257
What is the greatest common factor of 100 and 28051825?
25
Calculate the greatest common factor of 2160 and 664080.
240
Calculate the highest common factor of 2177870 and 77980.
5570
What is the highest common divisor of 660613 and 1483155?
1433
Calculate the highest common factor of 79915 and 21340.
55
What is the greatest common divisor of 123542610 and 2958?
174
What is the highest common divisor of 165870129 and 213?
213
What is the highest common divisor of 336 and 128659744?
16
Calculate the highest common factor of 885010 and 10199.
329
Calculate the greatest common divisor of 59963 and 184804.
983
Calculate the greatest common divisor of 66599440 and 30.
10
What is the highest common divisor of 532560 and 10320?
240
Calculate the highest common factor of 23077359 and 174.
87
Calculate the greatest common divisor of 57783 and 28424.
187
Calculate the greatest common divisor of 396 and 260216748.
396
What is the greatest common factor of 273 and 3103737?
273
What is the greatest common factor of 787826 and 428653?
193
Calculate the greatest common divisor of 2052 and 6834699.
513
What is the greatest common factor of 36 and 77466243?
3
What is the highest common factor of 1193060 and 2970?
110
What is the highest common factor of 72 and 10605339?
9
Calculate the highest common factor of 511599810 and 575.
115
What is the highest common divisor of 2019501 and 25245?
99
What is the greatest common divisor of 45171100 and 2600?
1300
What is the greatest common divisor of 10815732 and 108?
36
Calculate the greatest common factor of 1201320 and 13203240.
5640
Calculate the highest common divisor of 2907 and 1383120.
153
What is the greatest common factor of 2120899 and 26477?
913
What is the highest common divisor of 215 and 42407245?
215
What is the greatest common factor of 161007959 and 14?
7
Calculate the highest common divisor of 209588 and 1270816.
604
Calculate the highest common factor of 81 and 16234371.
27
What is the greatest common factor of 98093 and 1061762?
421
Calculate the highest common factor of 111215 and 1006967.
377
Calculate the highest common factor of 17187 and 52702419.
1011
What is the greatest common divisor of 40800 and 42964800?
2400
Calculate the greatest common divisor of 47 and 344068576.
47
What is the highest common factor of 22828 and 550776863?
5707
What is the highest common factor of 320 and 165320?
40
What is the highest common factor of 7304 and 129397?
83
Calculate the highest common factor of 3027780 and 1306368.
6804
Calculate the highest common divisor of 235104 and 477476.
316
What is the greatest common factor of 128 and 11524256?
32
Calculate the highest common factor of 684 and 1656216.
36
What is the greatest common factor of 95005421 and 18879?
6293
Calculate the greatest common divisor of 19900601 and 7.
7
Calculate the highest common factor of 26109 and 251046.
27
Calculate the highest common factor of 532092 and 67554.
834
Calculate the greatest common divisor of 18 and 26606817.
9
Calculate the greatest common divisor of 1778 and 11053070.
14
What is the greatest common factor of 52 and 76880154?
26
What is the greatest common factor of 351 and 2920749?
39
Calculate the greatest common factor of 525597 and 27189.
57
Calculate the greatest common divisor of 165 and 520601180.
55
What is the greatest common divisor of 58476260 and 68?
68
Calculate the greatest common factor of 46460 and 284740.
460
What is the greatest common factor of 109728567 and 351?
351
What is the greatest common factor of 2564 and 6469613?
641
Calculate the greatest common divisor of 3120 and 742755.
195
Calculate the greatest common divisor of 4664 and 184.
8
What is the greatest common divisor of 50196746 and 422066?
14554
What is the greatest common divisor of 3081 and 8069692?
79
What is the highest common divisor of 10764 and 255006?
18
Calculate the highest common divisor of 16348644 and 260640.
6516
Calculate the greatest common divisor of 4021740 and 100.
20
Calculate the highest common divisor of 6183205 and 1127.
161
Calculate the highest common factor of 35903004 and 48.
12
What is the greatest common factor of 2865 and 43458803?
191
What is the highest common divisor of 59044 and 32132?
116
What is the greatest common factor of 930 and 4661040?
30
What is the highest common divisor of 3 and 155435349?
3
What is the highest common divisor of 4155 and 4586289?
831
Calculate the highest common divisor of 292 and 37987813.
73
Calculate the greatest common factor of 37040507 and 2296.
287
What is the greatest common divisor of 562 and 3720712008?
562
Calculate the highest common divisor of 5 and 38309485.
5
What is the highest common divisor of 8663268 and 1088?
68
What is the highest common divisor of 5210664 and 192?
24
Calculate the greatest common factor of 242080 and 9044.
68
What is the highest common factor of 153 and 192972474?
153
Calculate the greatest common factor of 8188204 and 804.
268
Calculate the highest common factor of 1367243 and 998903.
877
Calculate the highest common factor of 12 and 767037.
3
What is the greatest common factor of 1164 and 117047572?
388
Calculate the greatest common divisor of 61102 and 257788.
446
What is the greatest common divisor of 299183 and 850?
17
What is the greatest common factor of 3105 and 1731825?
45
Calculate the highest common divisor of 17040 and 6092155.
355
What is the greatest common factor of 8731663 and 24307?
109
Calculate the highest common divisor of 16 and 86605424.
16
What is the greatest common factor of 531523047 and 1551?
1551
What is the highest common factor of 1012156 and 2740?
548
What is the highest common factor of 19008980 and 2370?
790
Calculate the highest common factor of 57 and 1857497.
19
Calculate the greatest common divisor of 549000 and 80.
40
Calculate the greatest common factor of 3738 and 838558.
1246
What is the highest common divisor of 8284 and 6661628?
76
Calculate the greatest common factor of 108346 and 426465334.
15478
What is the greatest common factor of 2880 and 8520090?
30
Calculate the greatest common factor of 51311 and 5343.
13
What is the greatest common factor of 647885 and 217?
7
Calculate the greatest common factor of 58 and 9849647.
29
What is the greatest common factor of 642 and 11589170?
214
What is the greatest common factor of 19712 and 41228?
44
What is the greatest common divisor of 135317 and 7183697?
1487
Calculate the highest common factor of 20383 and 104907.
187
Calculate the highest common divisor of 71020 and 84800.
1060
Calculate the greatest common divisor of 7446 and 781881.
51
What is the highest common factor of 11609972 and 242?
22
What is the highest common divisor of 888 and 4384389?
111
Calculate the greatest common factor of 462411 and 2796813.
1719
What is the highest common factor of 442 and 917600840?
442
What is the highest common factor of 5975955 and 2160?
45
What is the greatest common factor of 1881 and 167757612?
627
Calculate the highest common divisor of 31992366 and 7638.
402
Calculate the greatest common factor of 4290 and 11052470.
1430
What is the greatest common factor of 132 and 9981444?
132
What is the highest common divisor of 4816 and 27356?
28
Calculate the highest common factor of 3535 and 8903251.
707
Calculate the highest common factor of 5566 and 117759862.
5566
Calculate the greatest common factor of 10 and 67724.
2
What is the highest common factor of 55 and 1426755?
55
Calculate the highest common divisor of 5618060 and 119.
7
What is the greatest common factor of 2437